 prime factors of 467?
467
List the prime factors of 1641.
3, 547
List the prime factors of 14654.
2, 17, 431
What are the prime factors of 674?
2, 337
List the prime factors of 1282.
2, 641
What are the prime factors of 12365?
5, 2473
List the prime factors of 703.
19, 37
What are the prime factors of 26965?
5, 5393
List the prime factors of 15120.
2, 3, 5, 7
What are the prime factors of 7623?
3, 7, 11
What are the prime factors of 117939?
3, 39313
What are the prime factors of 5476?
2, 37
What are the prime factors of 16558?
2, 17, 487
List the prime factors of 51845.
5, 10369
List the prime factors of 3131.
31, 101
List the prime factors of 735.
3, 5, 7
List the prime factors of 46789.
71, 659
List the prime factors of 4895.
5, 11, 89
List the prime factors of 11462.
2, 11, 521
List the prime factors of 61.
61
List the prime factors of 35320.
2, 5, 883
What are the prime factors of 996?
2, 3, 83
List the prime factors of 67494.
2, 3, 7, 1607
List the prime factors of 2945.
5, 19, 31
List the prime factors of 522.
2, 3, 29
What are the prime factors of 1213?
1213
What are the prime factors of 71468?
2, 17, 1051
What are the prime factors of 5138?
2, 7, 367
List the prime factors of 800.
2, 5
What are the prime factors of 154?
2, 7, 11
List the prime factors of 2247.
3, 7, 107
What are the prime factors of 1195?
5, 239
List the prime factors of 2121.
3, 7, 101
List the prime factors of 181.
181
What are the prime factors of 1775?
5, 71
List the prime factors of 522.
2, 3, 29
List the prime factors of 52174.
2, 19, 1373
List the prime factors of 3518.
2, 1759
List the prime factors of 76446.
2, 3, 31, 137
List the prime factors of 46386.
2, 3, 859
What are the prime factors of 14097?
3, 37, 127
What are the prime factors of 354?
2, 3, 59
List the prime factors of 5417.
5417
List the prime factors of 8129.
11, 739
What are the prime factors of 2014?
2, 19, 53
List the prime factors of 28.
2, 7
What are the prime factors of 4019?
4019
What are the prime factors of 61348?
2, 7, 313
What are the prime factors of 32378?
2, 16189
What are the prime factors of 41689?
47, 887
What are the prime factors of 34913?
34913
List the prime factors of 1124.
2, 281
What are the prime factors of 1777?
1777
List the prime factors of 431.
431
What are the prime factors of 137605?
5, 13, 29, 73
List the prime factors of 7847.
7, 19, 59
List the prime factors of 3643.
3643
List the prime factors of 730.
2, 5, 73
List the prime factors of 4182.
2, 3, 17, 41
What are the prime factors of 196?
2, 7
What are the prime factors of 371?
7, 53
List the prime factors of 1739.
37, 47
List the prime factors of 6062.
2, 7, 433
What are the prime factors of 18376?
2, 2297
What are the prime factors of 15668?
2, 3917
List the prime factors of 86544.
2, 3, 601
List the prime factors of 8756.
2, 11, 199
List the prime factors of 24386.
2, 89, 137
List the prime factors of 46230.
2, 3, 5, 23, 67
What are the prime factors of 1004?
2, 251
List the prime factors of 4794.
2, 3, 17, 47
List the prime factors of 7350.
2, 3, 5, 7
List the prime factors of 21109.
11, 19, 101
List the prime factors of 151468.
2, 19, 1993
What are the prime factors of 8159?
41, 199
List the prime factors of 44746.
2, 13, 1721
What are the prime factors of 404?
2, 101
What are the prime factors of 2012?
2, 503
List the prime factors of 21532.
2, 7, 769
What are the prime factors of 4992?
2, 3, 13
List the prime factors of 3390.
2, 3, 5, 113
What are the prime factors of 2207?
2207
List the prime factors of 2054.
2, 13, 79
List the prime factors of 57241.
57241
List the prime factors of 25891.
17, 1523
List the prime factors of 1189.
29, 41
List the prime factors of 45067.
11, 17, 241
What are the prime factors of 22486?
2, 11243
List the prime factors of 979.
11, 89
What are the prime factors of 907?
907
List the prime factors of 5296.
2, 331
List the prime factors of 35548.
2, 8887
What are the prime factors of 199?
199
List the prime factors of 9366.
2, 3, 7, 223
List the prime factors of 16850.
2, 5, 337
What are the prime factors of 118515?
3, 5, 7901
List the prime factors of 12771.
3, 11, 43
What are the prime factors of 1907?
1907
What are the prime factors of 71829?
3, 23, 347
List the prime factors of 743.
743
What are the prime factors of 12935?
5, 13, 199
List the prime factors of 1088.
2, 17
List the prime factors of 528.
2, 3, 11
List the prime factors of 2356.
2, 19, 31
List the prime factors of 1492.
2, 373
What are the prime factors of 1032?
2, 3, 43
What are the prime factors of 9048?
2, 3, 13, 29
What are the prime factors of 2885?
5, 577
List the prime factors of 76863.
3, 25621
What are the prime factors of 66293?
66293
What are the prime factors of 88008?
2, 3, 19, 193
What are the prime factors of 1054?
2, 17, 31
List the prime factors of 3451.
7, 17, 29
What are the prime factors of 1614?
2, 3, 269
What are the prime factors of 59886?
2, 3, 1109
List the prime factors of 2274.
2, 3, 379
What are the prime factors of 8018?
2, 19, 211
What are the prime factors of 28784?
2, 7, 257
What are the prime factors of 3694?
2, 1847
What are the prime factors of 28953?
3, 3217
What are the prime factors of 27325?
5, 1093
List the prime factors of 103220.
2, 5, 13, 397
List the prime factors of 156.
2, 3, 13
What are the prime factors of 14019?
3, 4673
List the prime factors of 16486.
2, 8243
What are the prime factors of 40867?
40867
What are the prime factors of 238?
2, 7, 17
List the prime factors of 512.
2
List the prime factors of 9951.
3, 31, 107
List the prime factors of 17342.
2, 13, 23, 29
List the prime factors of 42220.
2, 5, 2111
List the prime factors of 1804.
2, 11, 41
List the prime factors of 45243.
3, 11, 457
List the prime factors of 468.
2, 3, 13
What are the prime factors of 16681?
7, 2383
What are the prime factors of 1032?
2, 3, 43
List the prime factors of 1713.
3, 571
What are the prime factors of 163?
163
List the prime factors of 68486.
2, 11, 283
List the prime factors of 93199.
93199
List the prime factors of 1368.
2, 3, 19
List the prime factors of 5926.
2, 2963
What are the prime factors of 142478?
2, 7, 10177
List the prime factors of 1957.
19, 103
List the prime factors of 3434.
2, 17, 101
List the prime factors of 2732.
2, 683
What are the prime factors of 4338?
2, 3, 241
What are the prime factors of 6081?
3, 2027
What are the prime factors of 4076?
2, 1019
List the prime factors of 30080.
2, 5, 47
What are the prime factors of 9443?
7, 19, 71
What are the prime factors of 3364?
2, 29
What are the prime factors of 1011?
3, 337
List the prime factors of 603.
3, 67
List the prime factors of 15744.
2, 3, 41
What are the prime factors of 9481?
19, 499
List the prime factors of 1094.
2, 547
List the prime factors of 35761.
11, 3251
What are the prime factors of 9888?
2, 3, 103
What are the prime factors of 7680?
2, 3, 5
List the prime factors of 4837.
7, 691
What are the prime factors of 230?
2, 5, 23
List the prime factors of 2171.
13, 167
What are the prime factors of 1485?
3, 5, 11
List the prime factors of 53804.
2, 13451
List the prime factors of 75318.
2, 3, 12553
List the prime factors of 9897.
3, 3299
What are the prime factors of 11853?
3, 439
What are the prime factors of 2011?
2011
List the prime factors of 3536.
2, 13, 17
What are the prime factors of 6131?
6131
List the prime factors of 17018.
2, 67, 127
List the prime factors of 1133.
11, 103
List the prime factors of 1408.
2, 11
List the prime factors of 1396.
2, 349
What are the prime factors of 684?
2, 3, 19
What are the prime factors of 2269?
2269
What are the prime factors of 6595?
5, 1319
What are the prime factors of 16087?
16087
List the prime factors of 265.
5, 53
List the prime factors of 67879.
7, 9697
List the prime factors of 8735.
5, 1747
What are the prime factors of 8847?
3, 983
What are the prime factors of 3972?
2, 3, 331
List the prime factors of 4193.
7, 599
What are the prime factors of 1471?
1471
List the prime factors of 492.
2, 3, 41
What are the prime factors of 1664?
2, 13
What are the prime factors of 47106?
2, 3, 2617
List the prime factors of 6006.
2, 3, 7, 11, 13
List the prime factors of 18371.
18371
What are the prime factors of 16105?
5, 3221
List the prime factors o